mmon divisor of 20 and 215170?
10
What is the greatest common factor of 22057 and 15617?
161
Calculate the highest common divisor of 68556 and 48.
12
What is the highest common divisor of 610 and 80?
10
What is the greatest common factor of 6840 and 76?
76
What is the greatest common divisor of 132 and 7887?
33
What is the greatest common divisor of 18 and 7771?
1
What is the highest common divisor of 8056 and 14681?
53
Calculate the greatest common divisor of 28 and 41083.
7
Calculate the greatest common divisor of 1087 and 1035911.
1087
What is the highest common factor of 37583 and 364?
91
Calculate the highest common factor of 1547 and 7259.
119
Calculate the greatest common factor of 83 and 411016.
83
Calculate the greatest common factor of 56432 and 16.
16
What is the highest common divisor of 7731 and 36?
9
What is the greatest common divisor of 84 and 214431?
21
What is the highest common divisor of 221 and 83827?
17
Calculate the highest common divisor of 11560 and 280.
40
Calculate the highest common factor of 4675 and 289.
17
Calculate the highest common factor of 13809477 and 33.
33
Calculate the highest common divisor of 3662016 and 192.
192
Calculate the highest common factor of 7940 and 150.
10
What is the highest common divisor of 30 and 179430?
30
Calculate the greatest common factor of 268 and 57486.
134
Calculate the greatest common factor of 1290 and 401061.
129
What is the greatest common divisor of 13 and 989937?
13
Calculate the greatest common divisor of 12238 and 422.
422
Calculate the greatest common divisor of 400299 and 9352.
167
Calculate the greatest common factor of 300 and 11676.
12
What is the highest common divisor of 36 and 6957?
9
Calculate the greatest common factor of 510 and 404770.
170
Calculate the greatest common factor of 1744 and 431422.
218
Calculate the highest common divisor of 194046 and 6.
6
What is the highest common factor of 76 and 100928?
76
Calculate the highest common factor of 299 and 73646.
23
Calculate the highest common factor of 5958 and 42.
6
Calculate the greatest common divisor of 40 and 68934.
2
What is the highest common divisor of 517 and 30409?
47
Calculate the greatest common factor of 400 and 76464.
16
Calculate the highest common divisor of 6980 and 45.
5
What is the highest common divisor of 7 and 5509665?
7
What is the greatest common divisor of 726 and 224004?
66
Calculate the greatest common factor of 884 and 774724.
68
What is the highest common divisor of 24195 and 1635?
15
What is the greatest common divisor of 534 and 61499?
89
Calculate the greatest common factor of 24992 and 671.
11
Calculate the greatest common divisor of 125 and 5493875.
125
Calculate the highest common factor of 5467 and 3479.
497
What is the highest common divisor of 81 and 429543?
81
Calculate the greatest common factor of 506 and 22655.
23
What is the highest common factor of 25 and 1128275?
25
What is the highest common divisor of 2441361 and 39?
39
What is the highest common divisor of 14694 and 3162?
186
Calculate the greatest common factor of 40619 and 1057.
151
Calculate the greatest common divisor of 144 and 902544.
48
What is the greatest common divisor of 951339 and 3?
3
Calculate the greatest common factor of 8 and 3577960.
8
Calculate the highest common factor of 216 and 3512.
8
Calculate the highest common factor of 60870 and 90.
30
What is the highest common factor of 66 and 337018?
22
What is the greatest common factor of 1462325 and 725?
725
What is the highest common factor of 2449 and 5332?
31
Calculate the highest common divisor of 60 and 18940.
20
What is the greatest common factor of 1660676 and 380?
76
Calculate the greatest common divisor of 976 and 473848.
488
What is the highest common divisor of 561 and 34374?
51
Calculate the greatest common factor of 26 and 151554.
26
Calculate the highest common factor of 787185 and 68.
17
Calculate the greatest common divisor of 335 and 903629.
67
Calculate the greatest common divisor of 14 and 721.
7
Calculate the highest common divisor of 1425 and 375.
75
Calculate the highest common divisor of 4025961 and 103.
103
What is the highest common factor of 207 and 558?
9
What is the greatest common divisor of 181082 and 2?
2
Calculate the greatest common factor of 93 and 210831.
93
Calculate the highest common factor of 12100 and 97405.
605
What is the greatest common divisor of 108 and 203760?
36
What is the highest common factor of 2504 and 3283996?
1252
Calculate the greatest common divisor of 152607 and 273.
273
What is the greatest common factor of 2052 and 2717?
19
Calculate the greatest common divisor of 9503 and 104.
13
Calculate the highest common divisor of 4 and 49089.
1
Calculate the highest common factor of 22843 and 53.
53
What is the highest common factor of 37045 and 1240?
155
Calculate the greatest common factor of 27574 and 68.
34
What is the greatest common divisor of 95073 and 2365?
473
Calculate the greatest common divisor of 440 and 10010.
110
What is the greatest common factor of 42 and 27906?
6
What is the highest common factor of 2002 and 5082?
154
What is the highest common factor of 12348 and 56007?
441
What is the highest common divisor of 976152 and 89?
89
Calculate the greatest common divisor of 555 and 2220.
555
Calculate the greatest common divisor of 325206 and 16198.
1246
What is the highest common factor of 2660 and 1715?
35
What is the highest common factor of 212 and 103085?
53
What is the highest common factor of 128 and 354?
2
Calculate the greatest common factor of 32712 and 384.
24
What is the greatest common factor of 3900 and 3375?
75
Calculate the highest common divisor of 222 and 397935.
111
Calculate the highest common divisor of 526776 and 24.
24
What is the greatest common factor of 2889471 and 26?
13
What is the greatest common divisor of 50 and 8054450?
50
Calculate the highest common factor of 332 and 170980.
332
Calculate the greatest common divisor of 165724 and 1196.
52
Calculate the greatest common divisor of 112 and 37800.
56
What is the greatest common factor of 251 and 267817?
251
Calculate the greatest common factor of 3174 and 10763034.
3174
Calculate the greatest common factor of 31731 and 147.
21
What is the greatest common divisor of 2 and 1207?
1
Calculate the greatest common factor of 18522 and 6939.
27
Calculate the highest common factor of 181844 and 7436.
676
What is the greatest common divisor of 2738 and 4514?
74
What is the greatest common factor of 8360 and 187?
11
What is the highest common factor of 183251 and 212077?
2059
What is the highest common divisor of 106610 and 350?
70
What is the highest common divisor of 10586 and 1072?
134
What is the highest common factor of 71 and 2303524?
71
Calculate the greatest common divisor of 5740672 and 112.
112
Calculate the highest common factor of 428 and 61844.
4
What is the greatest common factor of 242 and 344608?
242
Calculate the greatest common divisor of 8625 and 675.
75
What is the greatest common divisor of 26307 and 444?
111
Calculate the highest common factor of 12124 and 49.
7
Calculate the greatest common factor of 582 and 5994.
6
Calculate the greatest common divisor of 72 and 122664.
24
Calculate the greatest common factor of 13408 and 182684.
1676
What is the highest common factor of 231062 and 26?
26
What is the greatest common divisor of 20710 and 3154?
38
Calculate the highest common divisor of 725 and 2308255.
145
Calculate the greatest common divisor of 6148 and 212.
212
What is the highest common factor of 4 and 500566?
2
Calculate the highest common divisor of 7140 and 425.
85
Calculate the greatest common divisor of 882 and 88809.
21
What is the greatest common factor of 9725 and 18283?
389
What is the greatest common factor of 7 and 506989?
7
Calculate the highest common factor of 117 and 48269.
13
What is the greatest common divisor of 65621 and 2110?
211
What is the highest common factor of 16155 and 3345?
15
Calculate the greatest common factor of 6524 and 4634.
14
What is the greatest common divisor of 2060 and 33780?
20
Calculate the highest common factor of 188 and 341549.
47
Calculate the greatest common divisor of 5058 and 3438.
18
What is the highest common divisor of 288 and 15763